 is divided by 17.
15
What is the remainder when 33278 is divided by 16617?
44
Calculate the remainder when 11430 is divided by 950.
30
What is the remainder when 25463 is divided by 102?
65
Calculate the remainder when 1160 is divided by 1043.
117
What is the remainder when 163554 is divided by 673?
15
What is the remainder when 2671 is divided by 4?
3
Calculate the remainder when 9028 is divided by 15.
13
What is the remainder when 213019 is divided by 5?
4
What is the remainder when 831634 is divided by 17?
11
Calculate the remainder when 198547 is divided by 26.
11
Calculate the remainder when 57647 is divided by 424.
407
What is the remainder when 45824 is divided by 6545?
9
What is the remainder when 1554335 is divided by 1512?
1511
What is the remainder when 20516 is divided by 201?
14
Calculate the remainder when 170038 is divided by 156.
154
What is the remainder when 94863 is divided by 275?
263
What is the remainder when 38395 is divided by 194?
177
Calculate the remainder when 56998 is divided by 250.
248
What is the remainder when 539 is divided by 163?
50
Calculate the remainder when 1079 is divided by 360.
359
Calculate the remainder when 1898 is divided by 40.
18
What is the remainder when 24069 is divided by 136?
133
What is the remainder when 1027 is divided by 297?
136
What is the remainder when 8692 is divided by 1239?
19
Calculate the remainder when 47440 is divided by 362.
18
Calculate the remainder when 179706 is divided by 22.
10
What is the remainder when 1070 is divided by 90?
80
Calculate the remainder when 14530 is divided by 95.
90
Calculate the remainder when 208 is divided by 28.
12
What is the remainder when 3543 is divided by 394?
391
What is the remainder when 3058223 is divided by 232?
231
What is the remainder when 1817 is divided by 117?
62
Calculate the remainder when 5138516 is divided by 154.
152
What is the remainder when 829223 is divided by 108?
107
Calculate the remainder when 6665 is divided by 391.
18
Calculate the remainder when 289818 is divided by 430.
428
What is the remainder when 1436 is divided by 466?
38
What is the remainder when 33861 is divided by 198?
3
What is the remainder when 4163 is divided by 9?
5
Calculate the remainder when 307622 is divided by 386.
366
What is the remainder when 19003 is divided by 9461?
81
What is the remainder when 2462 is divided by 114?
68
What is the remainder when 515 is divided by 79?
41
What is the remainder when 1498 is divided by 11?
2
Calculate the remainder when 29017 is divided by 1195.
337
What is the remainder when 118951 is divided by 9?
7
What is the remainder when 6706 is divided by 223?
16
What is the remainder when 649241 is divided by 3?
2
What is the remainder when 693552 is divided by 7077?
6
Calculate the remainder when 55278 is divided by 27622.
34
Calculate the remainder when 9856 is divided by 3276.
28
What is the remainder when 15087 is divided by 256?
239
What is the remainder when 6100 is divided by 562?
480
Calculate the remainder when 67704 is divided by 183.
177
What is the remainder when 2350 is divided by 116?
30
What is the remainder when 46855 is divided by 30?
25
Calculate the remainder when 34378 is divided by 11453.
19
Calculate the remainder when 1299 is divided by 616.
67
Calculate the remainder when 2021 is divided by 1077.
944
What is the remainder when 269 is divided by 105?
59
Calculate the remainder when 37133 is divided by 5302.
19
What is the remainder when 18244 is divided by 8752?
740
What is the remainder when 72264 is divided by 110?
104
What is the remainder when 212667 is divided by 9?
6
What is the remainder when 11739 is divided by 5856?
27
Calculate the remainder when 166284 is divided by 38.
34
What is the remainder when 158585 is divided by 19822?
9
Calculate the remainder when 86348 is divided by 110.
108
Calculate the remainder when 11526 is divided by 84.
18
What is the remainder when 15941 is divided by 17?
12
What is the remainder when 521867 is divided by 712?
683
Calculate the remainder when 10839 is divided by 5284.
271
What is the remainder when 637 is divided by 211?
4
What is the remainder when 1351 is divided by 36?
19
What is the remainder when 8296 is divided by 143?
2
What is the remainder when 92020 is divided by 45998?
24
Calculate the remainder when 8281 is divided by 2755.
16
What is the remainder when 1437 is divided by 1336?
101
What is the remainder when 22642 is divided by 15?
7
Calculate the remainder when 2202 is divided by 730.
12
Calculate the remainder when 8810 is divided by 800.
10
Calculate the remainder when 7768 is divided by 7754.
14
Calculate the remainder when 1365 is divided by 696.
669
What is the remainder when 851842 is divided by 42?
40
Calculate the remainder when 6325 is divided by 179.
60
Calculate the remainder when 3890 is divided by 1942.
6
Calculate the remainder when 118883 is divided by 155.
153
Calculate the remainder when 425498 is divided by 100.
98
What is the remainder when 1713 is divided by 78?
75
Calculate the remainder when 856893 is divided by 12.
9
What is the remainder when 196 is divided by 6?
4
What is the remainder when 46907 is divided by 12?
11
Calculate the remainder when 74565 is divided by 39.
36
Calculate the remainder when 1319 is divided by 1177.
142
What is the remainder when 4452 is divided by 574?
434
Calculate the remainder when 675 is divided by 338.
337
What is the remainder when 46171 is divided by 4?
3
What is the remainder when 14752 is divided by 480?
352
Calculate the remainder when 39067 is divided by 299.
197
What is the remainder when 2877 is divided by 176?
61
What is the remainder when 2302 is divided by 316?
90
What is the remainder when 11052 is divided by 409?
9
Calculate the remainder when 11621 is divided by 102.
95
What is the remainder when 767 is divided by 187?
19
Calculate the remainder when 186 is divided by 107.
79
Calculate the remainder when 298187 is divided by 33.
32
What is the remainder when 2143 is divided by 1369?
774
Calculate the remainder when 1507 is divided by 93.
19
Calculate the remainder when 2717 is divided by 689.
650
Calculate the remainder when 11982 is divided by 152.
126
Calculate the remainder when 79740 is divided by 9948.
156
What is the remainder when 524 is divided by 267?
257
Calculate the remainder when 4247 is divided by 83.
14
What is the remainder when 467290 is divided by 21?
19
Calculate the remainder when 2886 is divided by 7.
2
What is the remainder when 65568 is divided by 1872?
48
Calculate the remainder when 39239 is divided by 9.
8
What is the remainder when 3597 is divided by 505?
62
What is the remainder when 400 is divided by 208?
192
Calculate the remainder when 2629 is divided by 272.
181
Calculate the remainder when 988 is divided by 514.
474
What is the remainder when 2807 is divided by 200?
7
What is the remainder when 5464 is divided by 779?
11
What is the remainder when 13480 is divided by 47?
38
What is the remainder when 4460 is divided by 184?
44
Calculate the remainder when 39126 is divided by 890.
856
What is the remainder when 75542 is divided by 37703?
136
Calculate the remainder when 25416 is divided by 565.
556
What is the remainder when 5275 is divided by 623?
291
What is the remainder when 1876412 is divided by 77?
76
Calculate the remainder when 5513 is divided by 172.
9
What is the remainder when 8608 is divided by 349?
232
Calculate the remainder when 1428629 is divided by 57.
38
What is the remainder when 10855 is divided by 16?
7
What is the remainder when 13410 is divided by 715?
540
What is the remainder when 5077 is divided by 54?
1
Calculate the remainder when 1555 is divided by 474.
133
Calculate the remainder when 33261 is divided by 369.
51
What is the remainder when 1025174 is divided by 317?
313
What is the remainder when 8167 is divided by 150?
67
What is the remainder when 11021 is divided by 16?
13
What is the remainder when 1044 is divided by 259?
8
What is the remainder when 5769 is divided by 5509?
260
Calculate the remainder when 77512 is divided by 9688.
8
What is the remainder when 17515 is divided by 5774?
193
Calculate the remainder when 26259 is divided by 15.
9
What is the remainder when 4767 is divided by 55?
3